 and 407?
407
Calculate the greatest common factor of 5828 and 16318772.
124
Calculate the greatest common factor of 17 and 469593329.
17
Calculate the greatest common divisor of 406812 and 10583124.
2004
What is the greatest common factor of 134688944 and 144?
16
What is the greatest common factor of 295291051 and 33?
11
What is the highest common divisor of 98833 and 379196?
2017
Calculate the greatest common divisor of 7381580 and 40.
20
Calculate the greatest common factor of 476 and 9110521.
119
Calculate the greatest common divisor of 118505 and 1936735.
865
What is the highest common divisor of 117133575 and 950?
475
Calculate the greatest common divisor of 1137276 and 2268.
252
What is the highest common divisor of 676930 and 455920?
1390
Calculate the greatest common factor of 319395 and 808935.
2985
Calculate the highest common factor of 27642 and 556092.
1626
Calculate the greatest common divisor of 2 and 376214.
2
Calculate the greatest common factor of 4264 and 988294996.
2132
What is the greatest common factor of 35801565 and 70?
5
What is the greatest common factor of 465 and 73184490?
465
What is the highest common divisor of 3912285 and 104?
13
What is the greatest common factor of 284690 and 5798?
2
What is the highest common divisor of 6291 and 191249895?
699
What is the greatest common factor of 42578464 and 48?
16
What is the highest common factor of 1064184 and 216456?
696
What is the greatest common factor of 252 and 207272124?
36
Calculate the highest common divisor of 611871 and 550797.
1131
What is the greatest common divisor of 476876346 and 2602?
2602
Calculate the greatest common divisor of 19734 and 104104.
286
What is the greatest common factor of 12 and 12468846?
6
What is the highest common factor of 8870 and 2184230?
10
Calculate the highest common factor of 758908975 and 275.
275
What is the highest common factor of 35740444 and 934?
934
Calculate the greatest common divisor of 236930 and 1932357.
551
Calculate the greatest common divisor of 224 and 23441248.
32
What is the highest common factor of 98182002 and 1086?
1086
What is the greatest common factor of 765 and 138195?
45
Calculate the greatest common factor of 379189278 and 936.
234
What is the greatest common divisor of 148392912 and 846?
282
What is the highest common factor of 33644 and 37285316?
2588
Calculate the greatest common divisor of 22537507 and 157.
157
Calculate the highest common factor of 180 and 16119252.
36
Calculate the highest common factor of 950135 and 20.
5
Calculate the highest common divisor of 775782 and 225882.
846
What is the highest common factor of 118 and 83668?
2
Calculate the greatest common divisor of 32785 and 38595.
415
What is the highest common factor of 17193220 and 660?
220
What is the greatest common divisor of 228 and 37434522?
114
What is the greatest common factor of 288 and 2474568?
72
Calculate the greatest common factor of 9626 and 240760699.
4813
Calculate the greatest common factor of 28935 and 2169.
9
Calculate the highest common factor of 64 and 726384.
16
Calculate the highest common factor of 324 and 3152112.
12
Calculate the greatest common divisor of 10854 and 295529094.
3618
What is the greatest common factor of 84873594 and 312?
78
What is the greatest common factor of 2434 and 3213?
1
What is the greatest common divisor of 3367629 and 1036?
37
Calculate the highest common divisor of 1736 and 7769902.
434
Calculate the greatest common factor of 6266236 and 16.
4
What is the highest common divisor of 4978 and 19114?
38
Calculate the greatest common factor of 983040 and 2040.
120
What is the highest common factor of 320 and 2298080?
160
What is the greatest common divisor of 93755 and 24786?
17
What is the highest common factor of 7025 and 22425?
25
What is the greatest common factor of 61321 and 392041?
689
Calculate the highest common divisor of 141795 and 213831.
207
Calculate the highest common divisor of 4389 and 6081691.
1463
Calculate the highest common divisor of 2485 and 13725649.
497
Calculate the highest common divisor of 12551685 and 7125.
285
Calculate the greatest common divisor of 1335 and 41115.
15
Calculate the highest common divisor of 16683 and 1662324.
249
What is the highest common divisor of 1027219661 and 2561?
2561
Calculate the greatest common divisor of 25521144 and 8448.
264
Calculate the greatest common factor of 12824106 and 102.
6
What is the highest common factor of 8960 and 3521770?
70
Calculate the highest common divisor of 4906967 and 13.
13
What is the greatest common factor of 11825 and 556105?
55
What is the highest common factor of 43384 and 11918819?
187
What is the greatest common factor of 30 and 21334956?
6
Calculate the greatest common divisor of 208492165 and 1015.
1015
Calculate the greatest common divisor of 92723715 and 2115.
2115
What is the highest common divisor of 406 and 440692?
14
What is the highest common divisor of 583875041 and 202?
101
What is the greatest common divisor of 720717 and 14989089?
9123
Calculate the highest common divisor of 31916556 and 54.
18
Calculate the highest common divisor of 668 and 245516.
4
Calculate the greatest common factor of 302462 and 60157.
43
What is the highest common factor of 2000 and 3208460?
20
What is the greatest common factor of 855080 and 96?
8
What is the greatest common divisor of 702 and 2130219?
351
What is the greatest common divisor of 28740 and 62425196?
1916
What is the greatest common divisor of 5935950 and 14850?
1350
What is the highest common divisor of 2000 and 666850?
50
What is the highest common factor of 126 and 13382?
2
Calculate the greatest common divisor of 1773 and 715312713.
591
What is the highest common factor of 336154725 and 185445?
14265
What is the greatest common divisor of 1372026 and 54806?
134
What is the highest common divisor of 241121232 and 324?
108
What is the highest common divisor of 6008 and 2287?
1
What is the highest common divisor of 17354584 and 39?
13
What is the highest common factor of 4224 and 93038?
22
What is the highest common factor of 2067 and 77562797?
689
Calculate the highest common divisor of 256 and 1118912.
64
Calculate the greatest common factor of 13077737 and 3563.
509
Calculate the highest common divisor of 3922434104 and 4456.
4456
Calculate the greatest common factor of 631321 and 7199.
313
Calculate the highest common divisor of 12884445 and 2835.
315
Calculate the highest common factor of 20586 and 37230.
438
Calculate the greatest common divisor of 49761894 and 546.
546
Calculate the highest common divisor of 220387833 and 1337.
191
What is the highest common factor of 99 and 6030893?
11
What is the highest common factor of 592782424 and 188?
188
Calculate the greatest common factor of 132515103 and 21.
21
Calculate the greatest common divisor of 154 and 331761122.
154
What is the highest common factor of 11316753 and 17739?
243
Calculate the highest common divisor of 4272321 and 10659.
969
What is the highest common factor of 33968 and 24336?
16
Calculate the greatest common divisor of 2387096 and 163048.
1832
Calculate the highest common divisor of 159523 and 209637764.
12271
Calculate the highest common divisor of 520122714 and 348.
174
What is the greatest common factor of 1951690 and 1196?
26
What is the highest common factor of 27764520 and 1740?
60
What is the greatest common divisor of 98318 and 114554?
902
Calculate the highest common factor of 7 and 19883549.
7
What is the greatest common divisor of 105 and 108152485?
35
Calculate the greatest common divisor of 20726 and 135683.
241
Calculate the greatest common factor of 891488 and 576.
32
Calculate the greatest common divisor of 2387604 and 72.
12
Calculate the highest common divisor of 6512 and 323676.
148
What is the greatest common factor of 2548 and 135889?
13
What is the greatest common factor of 299 and 55940911?
13
What is the highest common factor of 23662679 and 567139?
6833
Calculate the highest common divisor of 283 and 31517.
1
What is the highest common divisor of 6082931 and 7223?
233
Calculate the greatest common divisor of 15943 and 787465.
149
Calculate the greatest common divisor of 1610 and 1733510.
230
What is the greatest common factor of 5974 a